{"id":148,"date":"2024-03-22T12:45:25","date_gmt":"2024-03-22T11:45:25","guid":{"rendered":"https:\/\/comodejarlo.org\/blog\/?page_id=148"},"modified":"2024-04-01T11:33:23","modified_gmt":"2024-04-01T09:33:23","slug":"archivo-de-noticias","status":"publish","type":"page","link":"https:\/\/comodejarlo.org\/blog\/","title":{"rendered":"C\u00f3mo dejar la adicci\u00f3n a la pornograf\u00eda"},"content":{"rendered":"<p>[et_pb_section fb_built=\u00bb1&#8243; _builder_version=\u00bb4.24.2&#8243; _module_preset=\u00bbdefault\u00bb background_color=\u00bb#fffdf7&#8243; module_alignment=\u00bbcenter\u00bb custom_padding=\u00bb||8px|||\u00bb global_colors_info=\u00bb{}\u00bb][et_pb_row _builder_version=\u00bb4.24.2&#8243; _module_preset=\u00bbdefault\u00bb background_color=\u00bb#FFFFFF\u00bb width_tablet=\u00bb\u00bb width_phone=\u00bb86%\u00bb width_last_edited=\u00bbon|phone\u00bb max_width=\u00bb1320px\u00bb custom_padding=\u00bb0px||16px||false|false\u00bb border_radii=\u00bbon|8px|8px|8px|8px\u00bb border_color_all=\u00bbgcid-b67b7baf-52f0-4c46-8350-e27e6c3f78fc\u00bb border_width_right=\u00bb1px\u00bb border_color_right=\u00bbrgba(0,0,0,0.175)\u00bb border_width_bottom=\u00bb1px\u00bb border_width_left=\u00bb1px\u00bb border_color_left=\u00bbrgba(0,0,0,0.175)\u00bb global_colors_info=\u00bb{%22gcid-b67b7baf-52f0-4c46-8350-e27e6c3f78fc%22:%91%22border_color_all%22%93}\u00bb][et_pb_column type=\u00bb4_4&#8243; _builder_version=\u00bb4.24.2&#8243; _module_preset=\u00bbdefault\u00bb global_colors_info=\u00bb{}\u00bb][et_pb_text _builder_version=\u00bb4.24.2&#8243; _module_preset=\u00bbdefault\u00bb text_font=\u00bbArial||||||||\u00bb text_font_size=\u00bb20px\u00bb background_color=\u00bb#4a5b64&#8243; text_text_color=\u00bb#FFFFFF\u00bb custom_margin=\u00bb||25px||false|false\u00bb custom_padding=\u00bb10px||10px|16px|false|false\u00bb border_radii=\u00bboff|6px|6px||\u00bb hover_enabled=\u00bb0&#8243; sticky_enabled=\u00bb0&#8243; locked=\u00bboff\u00bb]<\/p>\n<p>C\u00f3mo dejarlo<\/p>\n<p>[\/et_pb_text][et_pb_text _builder_version=\u00bb4.24.2&#8243; _module_preset=\u00bbdefault\u00bb text_font=\u00bbArial||||||||\u00bb text_font_size=\u00bb18px\u00bb custom_margin=\u00bb||15px||false|false\u00bb custom_padding=\u00bb0px|16px||16px|false|true\u00bb text_font_phone=\u00bbArial||||||||\u00bb text_font_last_edited=\u00bboff|phone\u00bb global_colors_info=\u00bb{}\u00bb]<\/p>\n<p><span>La pornograf\u00eda puede generar problemas en varias \u00e1reas de la vida. A muchas personas que usan la pornograf\u00eda de forma frecuente les gustar\u00eda reducir su uso o incluso prescindir de ello por completo. Sin embargo, no a todo el mundo le resulta f\u00e1cil poder hacerlo.<\/span><\/p>\n<p>[\/et_pb_text][et_pb_text _builder_version=\u00bb4.24.2&#8243; _module_preset=\u00bbdefault\u00bb text_font=\u00bbArial||||||||\u00bb text_font_size=\u00bb18px\u00bb custom_margin=\u00bb||15px||false|false\u00bb custom_padding=\u00bb0px|16px||16px|false|true\u00bb global_colors_info=\u00bb{}\u00bb]<\/p>\n<p><strong>C\u00f3mo dejarlo<span>\u00a0<\/span><\/strong><span>te ofrece apoyo para que logres este objetivo.<\/span><\/p>\n<p>[\/et_pb_text][et_pb_text _builder_version=\u00bb4.24.2&#8243; _module_preset=\u00bbdefault\u00bb text_font=\u00bbArial||||||||\u00bb text_font_size=\u00bb18px\u00bb custom_margin=\u00bb||15px||false|false\u00bb custom_padding=\u00bb|16px||16px|false|true\u00bb global_colors_info=\u00bb{}\u00bb]<\/p>\n<p><span>Toda la informaci\u00f3n que proporciones ser\u00e1 estrictamente confidencial. El programa es an\u00f3nimo, tiene una duraci\u00f3n de 6 semanas y se realiza online.<\/span><\/p>\n<p>[\/et_pb_text][et_pb_button button_url=\u00bbhttps:\/\/comodejarlo.org\/intro\u00bb url_new_window=\u00bbon\u00bb button_text=\u00bbAprende mas sobre este programa.\u00bb _builder_version=\u00bb4.24.2&#8243; _module_preset=\u00bbdefault\u00bb custom_button=\u00bbon\u00bb button_text_size=\u00bb16px\u00bb button_text_color=\u00bb#FFFFFF\u00bb button_bg_color=\u00bb#198754&#8243; button_border_radius=\u00bb9px\u00bb button_use_icon=\u00bboff\u00bb custom_margin=\u00bb|16px|16px|16px|false|true\u00bb custom_padding=\u00bb||||false|false\u00bb global_colors_info=\u00bb{}\u00bb button_bg_color__hover_enabled=\u00bbon|desktop\u00bb button_bg_color__hover=\u00bb#157347&#8243; button_bg_enable_color__hover=\u00bbon\u00bb][\/et_pb_button][\/et_pb_column][\/et_pb_row][\/et_pb_section][et_pb_section fb_built=\u00bb1&#8243; _builder_version=\u00bb4.24.2&#8243; _module_preset=\u00bbdefault\u00bb custom_padding=\u00bb5px|||||\u00bb collapsed=\u00bboff\u00bb global_colors_info=\u00bb{}\u00bb][et_pb_row _builder_version=\u00bb4.24.2&#8243; _module_preset=\u00bbdefault\u00bb max_width=\u00bb1320px\u00bb custom_margin=\u00bb27px|auto||auto||\u00bb global_colors_info=\u00bb{}\u00bb][et_pb_column type=\u00bb4_4&#8243; _builder_version=\u00bb4.24.2&#8243; _module_preset=\u00bbdefault\u00bb global_colors_info=\u00bb{}\u00bb][et_pb_text _builder_version=\u00bb4.24.2&#8243; _module_preset=\u00bbdefault\u00bb text_font=\u00bb|700|||||||\u00bb text_text_color=\u00bbgcid-3d522a84-58a0-471c-a169-7d4d23bf0360&#8243; text_font_size=\u00bb50px\u00bb text_line_height=\u00bb1em\u00bb global_colors_info=\u00bb{%22gcid-3d522a84-58a0-471c-a169-7d4d23bf0360%22:%91%22text_text_color%22%93}\u00bb]Archivo de Noticias<br \/>\n[\/et_pb_text][et_pb_blog posts_number=\u00bb999&#8243; include_categories=\u00bb4&#8243; use_manual_excerpt=\u00bboff\u00bb excerpt_length=\u00bb100&#8243; show_author=\u00bboff\u00bb show_date=\u00bboff\u00bb show_categories=\u00bboff\u00bb show_pagination=\u00bboff\u00bb module_class=\u00bbnoticias\u00bb _builder_version=\u00bb4.24.2&#8243; _module_preset=\u00bbdefault\u00bb header_font=\u00bb|700|||||||\u00bb header_text_color=\u00bb#000000&#8243; header_font_size=\u00bb22px\u00bb body_line_height=\u00bb1.2em\u00bb global_colors_info=\u00bb{}\u00bb][\/et_pb_blog][\/et_pb_column][\/et_pb_row][\/et_pb_section]<\/p>\n","protected":false},"excerpt":{"rendered":"<p>C\u00f3mo dejarloLa pornograf\u00eda puede generar problemas en varias \u00e1reas de la vida. A muchas personas que usan la pornograf\u00eda de forma frecuente les gustar\u00eda reducir su uso o incluso prescindir de ello por completo. Sin embargo, no a todo el mundo le resulta f\u00e1cil poder hacerlo.C\u00f3mo dejarlo\u00a0te ofrece apoyo para que logres este objetivo.Toda la [&hellip;]<\/p>\n","protected":false},"author":1,"featured_media":0,"parent":0,"menu_order":0,"comment_status":"closed","ping_status":"closed","template":"","meta":{"_et_pb_use_builder":"on","_et_pb_old_content":"","_et_gb_content_width":"","footnotes":""},"class_list":["post-148","page","type-page","status-publish","hentry"],"yoast_head":"<!-- This site is optimized with the Yoast SEO plugin v22.3 - https:\/\/yoast.com\/wordpress\/plugins\/seo\/ -->\n<title>C\u00f3mo dejar la adicci\u00f3n a la pornograf\u00eda - C\u00f3mo dejar el porno<\/title>\n<meta name=\"robots\" content=\"index, follow, max-snippet:-1, max-image-preview:large, max-video-preview:-1\" \/>\n<link rel=\"canonical\" href=\"https:\/\/comodejarlo.org\/blog\/\" \/>\n<meta property=\"og:locale\" content=\"es_ES\" \/>\n<meta property=\"og:type\" content=\"article\" \/>\n<meta property=\"og:title\" content=\"C\u00f3mo dejar la adicci\u00f3n a la pornograf\u00eda - C\u00f3mo dejar el porno\" \/>\n<meta property=\"og:description\" content=\"C\u00f3mo dejarloLa pornograf\u00eda puede generar problemas en varias \u00e1reas de la vida. A muchas personas que usan la pornograf\u00eda de forma frecuente les gustar\u00eda reducir su uso o incluso prescindir de ello por completo. Sin embargo, no a todo el mundo le resulta f\u00e1cil poder hacerlo.C\u00f3mo dejarlo\u00a0te ofrece apoyo para que logres este objetivo.Toda la [&hellip;]\" \/>\n<meta property=\"og:url\" content=\"https:\/\/comodejarlo.org\/blog\/\" \/>\n<meta property=\"og:site_name\" content=\"C\u00f3mo dejar el porno\" \/>\n<meta property=\"article:modified_time\" content=\"2024-04-01T09:33:23+00:00\" \/>\n<meta name=\"twitter:card\" content=\"summary_large_image\" \/>\n<meta name=\"twitter:label1\" content=\"Tiempo de lectura\" \/>\n\t<meta name=\"twitter:data1\" content=\"1 minuto\" \/>\n<script type=\"application\/ld+json\" class=\"yoast-schema-graph\">{\"@context\":\"https:\/\/schema.org\",\"@graph\":[{\"@type\":\"WebPage\",\"@id\":\"https:\/\/comodejarlo.org\/blog\/\",\"url\":\"https:\/\/comodejarlo.org\/blog\/\",\"name\":\"C\u00f3mo dejar la adicci\u00f3n a la pornograf\u00eda - C\u00f3mo dejar el porno\",\"isPartOf\":{\"@id\":\"https:\/\/comodejarlo.org\/blog\/#website\"},\"datePublished\":\"2024-03-22T11:45:25+00:00\",\"dateModified\":\"2024-04-01T09:33:23+00:00\",\"breadcrumb\":{\"@id\":\"https:\/\/comodejarlo.org\/blog\/#breadcrumb\"},\"inLanguage\":\"es\",\"potentialAction\":[{\"@type\":\"ReadAction\",\"target\":[\"https:\/\/comodejarlo.org\/blog\/\"]}]},{\"@type\":\"BreadcrumbList\",\"@id\":\"https:\/\/comodejarlo.org\/blog\/#breadcrumb\",\"itemListElement\":[{\"@type\":\"ListItem\",\"position\":1,\"name\":\"Portada\",\"item\":\"https:\/\/comodejarlo.org\/blog\/\"},{\"@type\":\"ListItem\",\"position\":2,\"name\":\"C\u00f3mo dejar la adicci\u00f3n a la pornograf\u00eda\"}]},{\"@type\":\"WebSite\",\"@id\":\"https:\/\/comodejarlo.org\/blog\/#website\",\"url\":\"https:\/\/comodejarlo.org\/blog\/\",\"name\":\"Blog C\u00f3mo dejarlo\",\"description\":\"Tratamiento Gratis contra la adicci\u00f3n a la pornograf\u00eda y a la masturbaci\u00f3n. Gratis, online y avalado por expertos universitarios\",\"publisher\":{\"@id\":\"https:\/\/comodejarlo.org\/blog\/#organization\"},\"potentialAction\":[{\"@type\":\"SearchAction\",\"target\":{\"@type\":\"EntryPoint\",\"urlTemplate\":\"https:\/\/comodejarlo.org\/blog\/?s={search_term_string}\"},\"query-input\":\"required name=search_term_string\"}],\"inLanguage\":\"es\"},{\"@type\":\"Organization\",\"@id\":\"https:\/\/comodejarlo.org\/blog\/#organization\",\"name\":\"C\u00f3mo dejarlo\",\"url\":\"https:\/\/comodejarlo.org\/blog\/\",\"logo\":{\"@type\":\"ImageObject\",\"inLanguage\":\"es\",\"@id\":\"https:\/\/comodejarlo.org\/blog\/#\/schema\/logo\/image\/\",\"url\":\"https:\/\/comodejarlo.org\/blog\/wp-content\/uploads\/2024\/03\/logo_comodejarlo-e1711113435698.png\",\"contentUrl\":\"https:\/\/comodejarlo.org\/blog\/wp-content\/uploads\/2024\/03\/logo_comodejarlo-e1711113435698.png\",\"width\":443,\"height\":115,\"caption\":\"C\u00f3mo dejarlo\"},\"image\":{\"@id\":\"https:\/\/comodejarlo.org\/blog\/#\/schema\/logo\/image\/\"}}]}<\/script>\n<!-- \/ Yoast SEO plugin. -->","yoast_head_json":{"title":"C\u00f3mo dejar la adicci\u00f3n a la pornograf\u00eda - C\u00f3mo dejar el porno","robots":{"index":"index","follow":"follow","max-snippet":"max-snippet:-1","max-image-preview":"max-image-preview:large","max-video-preview":"max-video-preview:-1"},"canonical":"https:\/\/comodejarlo.org\/blog\/","og_locale":"es_ES","og_type":"article","og_title":"C\u00f3mo dejar la adicci\u00f3n a la pornograf\u00eda - C\u00f3mo dejar el porno","og_description":"C\u00f3mo dejarloLa pornograf\u00eda puede generar problemas en varias \u00e1reas de la vida. A muchas personas que usan la pornograf\u00eda de forma frecuente les gustar\u00eda reducir su uso o incluso prescindir de ello por completo. Sin embargo, no a todo el mundo le resulta f\u00e1cil poder hacerlo.C\u00f3mo dejarlo\u00a0te ofrece apoyo para que logres este objetivo.Toda la [&hellip;]","og_url":"https:\/\/comodejarlo.org\/blog\/","og_site_name":"C\u00f3mo dejar el porno","article_modified_time":"2024-04-01T09:33:23+00:00","twitter_card":"summary_large_image","twitter_misc":{"Tiempo de lectura":"1 minuto"},"schema":{"@context":"https:\/\/schema.org","@graph":[{"@type":"WebPage","@id":"https:\/\/comodejarlo.org\/blog\/","url":"https:\/\/comodejarlo.org\/blog\/","name":"C\u00f3mo dejar la adicci\u00f3n a la pornograf\u00eda - C\u00f3mo dejar el porno","isPartOf":{"@id":"https:\/\/comodejarlo.org\/blog\/#website"},"datePublished":"2024-03-22T11:45:25+00:00","dateModified":"2024-04-01T09:33:23+00:00","breadcrumb":{"@id":"https:\/\/comodejarlo.org\/blog\/#breadcrumb"},"inLanguage":"es","potentialAction":[{"@type":"ReadAction","target":["https:\/\/comodejarlo.org\/blog\/"]}]},{"@type":"BreadcrumbList","@id":"https:\/\/comodejarlo.org\/blog\/#breadcrumb","itemListElement":[{"@type":"ListItem","position":1,"name":"Portada","item":"https:\/\/comodejarlo.org\/blog\/"},{"@type":"ListItem","position":2,"name":"C\u00f3mo dejar la adicci\u00f3n a la pornograf\u00eda"}]},{"@type":"WebSite","@id":"https:\/\/comodejarlo.org\/blog\/#website","url":"https:\/\/comodejarlo.org\/blog\/","name":"Blog C\u00f3mo dejarlo","description":"Tratamiento Gratis contra la adicci\u00f3n a la pornograf\u00eda y a la masturbaci\u00f3n. Gratis, online y avalado por expertos universitarios","publisher":{"@id":"https:\/\/comodejarlo.org\/blog\/#organization"},"potentialAction":[{"@type":"SearchAction","target":{"@type":"EntryPoint","urlTemplate":"https:\/\/comodejarlo.org\/blog\/?s={search_term_string}"},"query-input":"required name=search_term_string"}],"inLanguage":"es"},{"@type":"Organization","@id":"https:\/\/comodejarlo.org\/blog\/#organization","name":"C\u00f3mo dejarlo","url":"https:\/\/comodejarlo.org\/blog\/","logo":{"@type":"ImageObject","inLanguage":"es","@id":"https:\/\/comodejarlo.org\/blog\/#\/schema\/logo\/image\/","url":"https:\/\/comodejarlo.org\/blog\/wp-content\/uploads\/2024\/03\/logo_comodejarlo-e1711113435698.png","contentUrl":"https:\/\/comodejarlo.org\/blog\/wp-content\/uploads\/2024\/03\/logo_comodejarlo-e1711113435698.png","width":443,"height":115,"caption":"C\u00f3mo dejarlo"},"image":{"@id":"https:\/\/comodejarlo.org\/blog\/#\/schema\/logo\/image\/"}}]}},"_links":{"self":[{"href":"https:\/\/comodejarlo.org\/blog\/wp-json\/wp\/v2\/pages\/148","targetHints":{"allow":["GET"]}}],"collection":[{"href":"https:\/\/comodejarlo.org\/blog\/wp-json\/wp\/v2\/pages"}],"about":[{"href":"https:\/\/comodejarlo.org\/blog\/wp-json\/wp\/v2\/types\/page"}],"author":[{"embeddable":true,"href":"https:\/\/comodejarlo.org\/blog\/wp-json\/wp\/v2\/users\/1"}],"replies":[{"embeddable":true,"href":"https:\/\/comodejarlo.org\/blog\/wp-json\/wp\/v2\/comments?post=148"}],"version-history":[{"count":36,"href":"https:\/\/comodejarlo.org\/blog\/wp-json\/wp\/v2\/pages\/148\/revisions"}],"predecessor-version":[{"id":351,"href":"https:\/\/comodejarlo.org\/blog\/wp-json\/wp\/v2\/pages\/148\/revisions\/351"}],"wp:attachment":[{"href":"https:\/\/comodejarlo.org\/blog\/wp-json\/wp\/v2\/media?parent=148"}],"curies":[{"name":"wp","href":"https:\/\/api.w.org\/{rel}","templated":true}]}}